is -10102 - 2?
-10111
In base 14, what is -5c - 4?
-62
In base 15, what is -65 + 8?
-5c
In base 7, what is -50 - 40?
-120
In base 15, what is a0 + 4?
a4
In base 16, what is -5 + 58a?
585
In base 3, what is 1101212 - 10?
1101202
In base 8, what is -27 + 2?
-25
In base 9, what is -356 + -1?
-357
In base 8, what is -2 + -317?
-321
In base 8, what is 371 + -1?
370
In base 10, what is -1 - -1245?
1244
In base 12, what is 0 - 3295?
-3295
In base 4, what is -2000 - -2?
-1332
In base 16, what is -162e + 5?
-1629
In base 7, what is 213 - -21?
234
In base 12, what is 6b - -3?
72
In base 8, what is -5 + 1316?
1311
In base 11, what is 4 - 24?
-20
In base 7, what is 4 + -542?
-535
In base 7, what is -103 - 3?
-106
In base 10, what is 72 + 49?
121
In base 13, what is -206c + -3?
-2072
In base 16, what is -1b - -1?
-1a
In base 16, what is -1a + 2?
-18
In base 7, what is 3 - 104?
-101
In base 6, what is -3 + -253?
-300
In base 13, what is -8 - -1c9?
1c1
In base 11, what is a + 1?
10
In base 8, what is 31 - 363?
-332
In base 15, what is 3 - 193?
-190
In base 8, what is 3710 - 0?
3710
In base 16, what is 5 + -19?
-14
In base 5, what is 44 - -1?
100
In base 5, what is 21 - 10?
11
In base 16, what is -9ab + -2?
-9ad
In base 11, what is -1 - -4?
3
In base 9, what is 17 + 2?
20
In base 15, what is 6 - 57?
-51
In base 15, what is 3e - -12?
51
In base 10, what is -3 - 314?
-317
In base 12, what is 5 - b1?
-a8
In base 16, what is 1 + a13?
a14
In base 6, what is -2 + -534?
-540
In base 15, what is 109 + 7?
111
In base 13, what is c - -355?
364
In base 12, what is 231 - -3?
234
In base 6, what is -1 - -1444?
1443
In base 7, what is 2 + -503?
-501
In base 3, what is -10 + 20012012?
20012002
In base 6, what is 1 + 44?
45
In base 5, what is -1 - -112?
111
In base 13, what is 0 + 17?
17
In base 8, what is 4 - 4016?
-4012
In base 9, what is 82 + -53?
28
In base 10, what is 60 + 19?
79
In base 12, what is 8b33 - 3?
8b30
In base 6, what is -1430 + -5?
-1435
In base 11, what is -11 + -51?
-62
In base 11, what is -1a - 263?
-282
In base 11, what is 5 - -1658?
1662
In base 8, what is -23 - 210?
-233
In base 14, what is 7b05 - 0?
7b05
In base 10, what is 2 - -569?
571
In base 4, what is -3132120 + -3?
-3132123
In base 2, what is -11 + -110001101?
-110010000
In base 15, what is 0 + 690?
690
In base 2, what is 11 - 111110?
-111011
In base 13, what is -2 - -ba?
b8
In base 4, what is 10032211 - -3?
10032220
In base 3, what is -2 + -12012?
-12021
In base 4, what is 302 + -10?
232
In base 8, what is 5 + -4?
1
In base 16, what is -6d - -70?
3
In base 14, what is -da1b + 5?
-da16
In base 4, what is -121 + 21?
-100
In base 11, what is 91 - -1?
92
In base 12, what is -3a64 + 0?
-3a64
In base 6, what is -1041 - 5?
-1050
In base 14, what is 3cd8 - 5?
3cd3
In base 12, what is 5 + -346?
-341
In base 8, what is 4 + 5046?
5052
In base 6, what is 1134 + 0?
1134
In base 14, what is 57 - 6?
51
In base 14, what is 4 - -27?
2b
In base 4, what is 12312 - -2?
12320
In base 12, what is -121 + 5?
-118
In base 4, what is -321033 - 10?
-321103
In base 10, what is -1 + -342?
-343
In base 3, what is 2011 - -202?
2220
In base 14, what is 4 + 39?
3d
In base 9, what is -5 - 2518?
-2524
In base 2, what is 1 - 111101?
-111100
In base 13, what is -6 + 31?
28
In base 6, what is 20 - -14?
34
In base 3, what is 1022 - -201?
2000
In base 4, what is -1033 + -1102?
-2201
In base 8, what is -20572 + -4?
-20576
In base 16, what is -f + 5?
-a
In base 11, what is 655 + 4?
659
In base 2, what is 100000 + -110?
11010
In base 7, what is -1223 + 5?
-1215
In base 12, what is -2 + 34?
32
In base 16, what is 1 - 7a5?
-7a4
In base 15, what is -2 + 2b?
29
In base 3, what is -2 - 211202?
-211211
In base 6, what is 4 - 4252?
-4244
In base 6, what is -52 + -1132?
-1224
In base 12, what is 4 + -193?
-18b
In base 3, what is 211 + 2010?
2221
In base 10, what is -4 - -680?
676
In base 8, what is 1 + -5017?
-5016
In base 13, what is 5c + -1?
5b
In base 15, what is 74a - -1?
74b
In base 11, what is 8 - -44?
51
In base 7, what is 402 + 2?
404
In base 6, what is -2 - -235?
233
In base 10, what is -23 + 19?
-4
In base 2, what is 101110000 + 101001?
110011001
In base 16, what is 45 - -30?
75
In base 2, what is -11000011010 + -11?
-11000011101
In base 9, what is 287 + 42?
340
In base 11, what is -5a - 7?
-66
In base 2, what is 1010100100011000 - -11?
1010100100011011
In base 16, what is -13d + 0?
-13d
In base 15, what is ed + -3?
ea
In base 2, what is 1 + -1000?
-111
In base 15, what is 1b2 + 7?
1b9
In base 7, what is -645 - 53?
-1031
In base 3, what is 2022 + 0?
2022
In base 16, what is -101d - 4?
-1021
In base 14, what is 168 - -6?
170
In base 16, what is 5 + -53?
-4e
In base 3, what is 22 - 1220?
-1121
In base 7, what is 131 + 15?
146
In base 10, what is 9 - -4?
13
In base 9, what is 4 - 1355?
-1351
In base 8, what is 6 - 103?
-75
In base 15, what is 9d + 0?
9d
In base 6, what is -55540 + 1?
-55535
In base 7, what is -44211 - 5?
-44216
In base 14, what is -da + 0?
-da
In base 4, what is -13203 + 10?
-13133
In base 11, what is 0 + -1a3?
-1a3
In base 6, what is 1 - 14052?
-14051
In base 2, what is 1011 + -100011110011?
-100011101000
In base 6, what is 2 - -1?
3
In base 6, what is 101 + -2153?
-2052
In base 6, what is 11 + -2040?
-2025
In base 9, what is 4 + -38?
-34
In base 10, what is 301 - 7?
294
In base 5, what is 342 + -3?
334
In base 3, what is 2 - -10000?
10002
In base 3, what is 12 - 11121120?
-11121101
In base 9, what is 141 - 22?
118
In base 10, what is -5 + -385?
-390
In base 9, what is 307 + 2?
310
In base 2, what is -1111 + 11100?
1101
In base 12, what is -3 + 57?
54
In base 6, what is 12 - 15505?
-15453
In base 14, what is -4 - 2?
-6
In base 11, what is 5 - -211?
216
In base 2, what is -101 + -111100011?
-111101000
In base 2, what is -10010 - 10010001000?
-10010011010
In base 6, what is -250 + 14?
-232
In base 12, what is 103 + 68?
16b
In base 13, what is 15 + -4?
11
In base 14, what is 0 - -29?
29
In base 12, what is -1b9b + 0?
-1b9b
In base 14, what is 4 - 216?
-212
In base 9, what is -7 + -735?
-743
In base 12, what is 5 + -3a?
-35
In base 14, what is c9 - c?
bb
In base 5, what is 1 - -1120?
1121
In base 16, what is 82 - -3?
85
In base 2, what is 110011 - -10110?
1001001
In base 9, what is 5 - -670?
675
In base 14, what is -5 - cc?
-d3
In base 4, what is 12211120 - -3?
12211123
In base 5, what is -11 - 1?
-12
In base 14, what is a6 + 7?
ad
In base 14, what is -4 + -9?
-d
In base 2, what is -1110111011 - 111?
-1111000010
In base 8, what is -31 - 343?
-374
In base 9, what is -4 + 353?
348
In base 2, what is -100 - 11111100?
-100000000
In base 12, what is -5 + b?
6
In base 12, what is 47 - 4?
43
In base 6, what is 20 - -50?
110
In base 12, what is -2 + 151?
14b
In base 15, what is -3 - -c5?
c2
In base 6, what is -35 - -1?
-34
In base 2, what is 1001100 + 10?
1001110
In base 3, what is -10 - -20001?
12221
In base 15, what is 770 - 0?
770
In base 11, what is -11a + -5?
-124
In base 14, what is -5 - -935?
930
In base 15, what is 0 + -35?
-35
In base 6, what is -20 - -45?
25
In base 5, what is -2320 - -1?
-2314
In base 15, what is 2a + -5?
25
In base 10, what is -3 - -97?
94
In base 11, what is 104 + 3?
107
In base 10, what is -10 - 2?
-12
In base 13, what is 9bc - 4?
9b8
In base 12, what is -a4 + 3?
-a1
In base 15, what is 3d1 - -1?
3d2
In base 6, what is -11 - 433?
-444
In base 6, what is -5 + 43?
34
In base 14, what is a05 + -4?
a01
In base 2, what is -11011 - -101?
-10110
In base 11, what is -171 + -1?
-172
In base 15, what is 4 - 100?
-eb
In base 4, what is -2 + 1132?
1130
In base 15, what is -2bc + -4?
-2c1
In base 8, what is -1 - -474?
473
In base 5, what is -12 - 11?
-23
In base 4, what is -1 - 21203?
-21210
In base 15, what is -65 - -3?
-62
In base 7, what is 151024 + -3?
151021
In base 16, what is 1 - e34?
-e33
In base 2, what is -1100 + -1101?
-11001
In base 7, what is -100 - 4?
-104
In base 8, what is 1565 + -17?
1546
In base 10, what is -1534 + 0?
-1534
In base 11, what is 2 + -166?
-164
In base 10, what is 34 + 271?
305
In base 15, what is -96 + 4?
-92
In base 2, what is -110010110010 - -10?
-110010110000
In base 9, what is -2 - -2841?
2838
In base 11, what is 0 - -3256?
3256
In base 4, what is 31 - -1003?
1100
In base